- -9). Let j(g) = d*p(g) + 6*l(g). Let x = -7 - -12. What is j(x)?
-6
Let h(b) = -14*b**2 - 9 - 28*b**3 - b - 13*b**3 + 42*b**3. What is h(14)?
-23
Let u = -751 + 755. Let i(r) = 0*r - 3*r**2 - 3 + 2*r**2 + 2*r. Let l(c) = c**2 - 2*c + 3. Let x(t) = 3*i(t) + 2*l(t). Determine x(u).
-11
Let k(g) = 1. Let j(p) = 4*p - 24. Let n(z) = j(z) + 2*k(z). Suppose 136*w - 146*w + 60 = 0. Calculate n(w).
2
Suppose 1023*q - 8 = 1025*q. Let d(k) = 10*k**3 + 2*k**2 - 12*k - 6. Let h(j) = -3*j**3 - j**2 + 4*j + 2. Let g(a) = 2*d(a) + 7*h(a). Give g(q).
2
Suppose 4*c = 3*u + 9, 0*u + u = -c - 3. Suppose 6*l + c*l + 6 = 0. Let a(y) = 0*y - 5*y + 21*y - 7*y. Give a(l).
-9
Suppose 4*l = 4*h + 56, -2*h + 5 = -7*l + 8*l. Suppose -4*q - l = -k, -4*k + 3*q + q = -56. Let i(r) = -r**3 + 16*r**2 - 14*r - 13. Calculate i(k).
2
Suppose n - 3 = 0, 7*a - 33 = 4*a - 4*n. Let m(p) = -p**3 + 4*p**2 + 10*p + 2. Calculate m(a).
-75
Let j(w) = 9*w**2 + 25*w**2 - 9*w**2 - 17*w**2 - 7*w**2. Suppose 2*d + z - 7 = 0, d - 3*z + 1 = 2*d. What is j(d)?
16
Let v(d) = -d**3 - 7*d**2 - 11*d - 72. Let k be v(-7). Let t(j) = 4*j - 9*j + k*j - 4 - j. Determine t(0).
-4
Suppose -17 = -3*j - u, -2*j + 134*u - 2 = 133*u. Let b(t) = -20*t + 63. Calculate b(j).
3
Let o(q) = q**2 - 15*q + 21. Let x be o(7). Let v = -41 - x. Let m(j) = -j - 4. Determine m(v).
2
Let u(g) = -2 - 78*g - 392*g**2 - 2 + 12 + 398*g**2. Calculate u(13).
8
Let b(x) = -6 - x + 3*x**2 - 5*x - 2*x**2. Let k = 802 - 778. Suppose 89*i = 86*i + k. Calculate b(i).
10
Let v = -1954 - -1954. Let g(x) = -x**3 - 20*x - 9. Give g(v).
-9
Let s(l) = -7790 + 3896 - 9*l - l**2 + 3896. Determine s(-13).
-50
Suppose -3*a = -5*f + 20, -2*a - f = -31 + 40. Let c(h) be the second derivative of h**3/6 + 7*h**2/2 - 5*h - 2. What is c(a)?
2
Let z(p) = -10*p - 1. Let j(r) = 4*r**2 - 97*r - 14. Let b(n) = j(n) - 10*z(n). Suppose -7 = -2*x - 5*a + 2, 4*x + 18 = 2*a. Calculate b(x).
23
Let j(g) be the second derivative of -g**5/20 - 3*g**4/2 + 19*g**3/3 - 25*g**2/2 + 2089*g. Calculate j(-20).
15
Let x(d) = d**2 + 38*d - 608. Let v be x(-50). Let a = 6 - 4. Let b(s) = -6*s - 2*s + 7 - s**a + s + s. Give b(v).
-9
Let m(c) = -18 + 52*c + 54*c - 158*c + 53*c. Suppose j = d + 4*j - 6, d - 3*j + 6 = 0. Determine m(d).
-18
Suppose 8*h = -98*h - 1590. Let i(y) = y**3 + 26*y**2 + 164*y - 8. Determine i(h).
7
Let s(r) be the first derivative of -1/2*r**2 - 4*r - 199. Determine s(-6).
2
Suppose 4*j - 2*r = 3*r + 15, -7*j - 5*r - 15 = 0. Let k(x) = 2*x**2 + x + 7. Calculate k(j).
7
Let p(y) = y + 39 + 25 + 44 - 99. Calculate p(-7).
2
Let s(k) = 8*k - 268. Suppose -48*n = -85*n - 192*n + 8015. Give s(n).
12
Suppose 76*k - 75*k - 16 = -3*v, 5*v - 4*k = 4. Let l(j) be the second derivative of 5/6*j**3 - 24*j + 1/2*j**2 + 0 + 1/12*j**v. Determine l(-3).
-5
Suppose -2*i - i + 6 = 0. Let w(c) = 0*c + c - 11 - i*c. Suppose -28 = 2*o - 18. Calculate w(o).
-6
Let v be 4/(-6) - (-10)/6 - 0. Let m(y) = -v - 84*y + 174*y - 87*y. Determine m(4).
11
Let d(f) be the second derivative of f**4/12 - 23*f**3/3 + 41*f**2/2 + 18*f - 218. Give d(45).
-4
Let n(t) = -t**2 - 97*t - 1015. Let p be n(-12). Let x be 5/10*(-8)/(-2). Let g(a) = -1 + 4*a**2 - a**3 + 1 + 5*a - x. Calculate g(p).
-2
Let t(v) be the first derivative of -v**3/3 + 4*v**2 - 11*v - 9. Suppose 4*h = x + 7, -h = -5*x + 875 - 853. Determine t(x).
4
Let n(g) = g**2 - 1. Let p(z) = 1. Let j(a) = -4*n(a) - 5*p(a). Let d(u) = -u**3 - 17*u**2 + 5*u - 47. Let m be d(-18). Let l = 186 - m. Determine j(l).
-5
Suppose 0 = 3*f - 0*f - 3. Let v(h) = -h**2 - h + 1. Let y be v(f). Let w(m) = -262 + 139 + 124 - 3*m**2. Give w(y).
-2
Let d be (-5 - 7) + (-60)/(-5). Let v(m) be the second derivative of -13*m + 0 + d*m**2 + 7/6*m**3 - 7/12*m**4 + 1/20*m**5. Determine v(6).
6
Let y be ((-4)/6)/(1/(-3)). Let i(h) = -16*h**2 - 18*h**2 + h - 8*h**2 - 8*h**2 + 49*h**2. What is i(y)?
-2
Let t(j) be the first derivative of 1/6*j**3 - 1/20*j**5 + 0*j**4 + 8*j + 9*j**2 - 15. Let a(l) be the first derivative of t(l). Calculate a(0).
18
Let z(p) = -2*p + 5*p + 7 - 12 + 12 + 1. Let n be z(-3). Let j(h) = 9*h**2 - h - 2. Calculate j(n).
8
Let x(z) = -2*z**2 + 60*z + 4. Let f = 36030 - 36000. What is x(f)?
4
Let s(y) = -55*y - 29. Let k(a) = 386*a + 167. Let c(i) = 2*k(i) + 15*s(i). What is c(-2)?
5
Let x be (3/6)/(1/(29 - -1)). Suppose -4*f + x = -u, -2*u - 11 = 3*f - 3. Let d(b) = 2*b + 8. Give d(u).
-6
Let o(d) = -93*d**2 + 1. Suppose -3*s = 5*k - 17, 0 = -5*s + 408*k - 404*k - 21. What is o(s)?
-92
Let u(x) = -13*x**3 - 132*x**2 - 30*x + 6. Let z(q) = 4*q**3 + 43*q**2 + 11*q - 2. Let w(g) = 2*u(g) + 7*z(g). Calculate w(-18).
16
Let r(a) = 28*a**2 - 2*a - 9. Let s(d) = 78*d**2 - 6*d - 28. Let c(h) = -11*r(h) + 4*s(h). Give c(-3).
29
Let x(h) = h**3 - 5*h**2 + 8*h - 81. Let b be ((-189)/672*-32)/((-2)/(-4) - -1). Determine x(b).
3
Let w(z) be the second derivative of -20*z + z**3 + 0 - 1/2*z**2. Give w(2).
11
Let m(c) = -c**3 - 10*c**2 + 11*c + 11. Let o be m(-11). Let d(s) be the first derivative of -s**3/3 + 11*s**2/2 - 5827. Calculate d(o).
0
Suppose -8 = -7*c + 3*c. Let d(p) be the second derivative of p**5/10 - p**3/6 - p**2 + 2588*p - 5. Calculate d(c).
12
Let r(u) = 4*u + 12. Let x = 3939 + -3941. Calculate r(x).
4
Let s(x) = -473274*x + 4 - 6 + 473277*x. Suppose -4*k - 2*c + 24 = 3*c, -5 = 3*k - 2*c. What is s(k)?
1
Let f(t) = 6*t**2 - t - 2. Suppose -4*r + 2*l + 19 = 3, -3*l = 5*r + 2. Suppose 4*y - 10 = 5*c, -r*c = 2*c - 3*y + 7. Determine f(c).
20
Suppose z = -2*p + 6, -5*z + 3*z - 13 = -p. Let m(y) be the second derivative of -y**5/20 + y**4/2 - 2*y**3/3 + y**2 + 3*y + 2554. Determine m(p).
7
Let g be (-4)/10 - 46/10. Let s(u) be the second derivative of 22*u - 7/2*u**2 - 8 - 1/2*u**3. Determine s(g).
8
Let r(q) = 5*q + 96. Let a be r(-18). Let i(u) = 2*u**3 + u - 1. Let y(z) = 11*z**3 - 4*z**2 + 10*z - 9. Let f(t) = a*i(t) - y(t). Calculate f(-4).
19
Let o(q) = 2 + 1 - 2*q + q. Suppose -22*n = 5869 - 5825. Give o(n).
5
Let u(q) = 15*q**2 + 4*q + 18. Let b(o) = -31*o**2 - 9*o - 39. Let n(k) = -6*b(k) - 13*u(k). What is n(2)?
-32
Let z(h) be the first derivative of -11/2*h**2 + 2*h - 1/3*h**3 - 90. Give z(-10).
12
Let x(h) = -3*h**2 + 36*h + 2. Let y be x(12). Let m(i) = 2 - i**2 + 1339*i - 1342*i + y*i**2. Let f = 14 - 10. Calculate m(f).
6
Let m be 2 - (-3 - -2 - 0). Let q(k) = 2 - m - 4*k + 3*k. Let s be ((-69)/(-414))/((-10)/(-15))*(-2 + -1 - -15). Give q(s).
-4
Let a(v) = 2*v**2 - 7*v + 4. Let d(q) = -8*q + 32. Let o be d(-10). Suppose 4*b - 34 = -2*u, -6*u + 2*u + 3*b + o = 0. Suppose 11*z + u = 16*z. Calculate a(z).
19
Let q(u) = u**2 + 9*u - 10. Suppose -159 = -8*j - 239. Determine q(j).
0
Let g(o) be the first derivative of 2*o**3/3 + 7*o**2/2 + 6*o - 1. Suppose 2*p - 13 = -n, n = -2*p + 2*n + 7. Suppose 179*b - 178*b + p = 0. Determine g(b).
21
Suppose 10*h - 1001 = -3*h. Suppose h = 5*v + 62. Let g(m) = -1 - 2 + 3*m - 3*m**2 + m**3 + 0*m**3. Calculate g(v).
6
Let r(d) = -d**2 + 95*d + 3141. Let p be r(121). Let z(n) = n**3 + 11*n**2 + n + 5. What is z(p)?
150
Suppose 21 = 10*c - 3*c. Suppose h - 4*x = -7, -c*h - 8 = -2*h - 5*x. Let i(p) = -p**3 - p**2 + 8*p + 5. Let z be i(h). Let g(t) = 3*t**2 + t. Calculate g(z).
2
Let d(p) = -p**2 - 2*p - 3. Let l(n) = -2*n + 3. Let s(z) = -z**3 - 4*z**2 + 3*z - 16. Let q be s(-5). Let t be 2 + q - 21/(-3). Let o be l(t). What is d(o)?
-6
Let a(o) = o**3 + 29*o**2 + 36*o - 473. Let p be a(-27). Let g(z) = -z**3 + 16*z**2 - 42*z + 31. Calculate g(p).
-8
Let d(t) = -t**3 + 9*t**2 - 8*t + 8. Let p be d(8). Suppose -s - 49 = -p*s. Let c(u) = -u**3 - u + 2 + 3*u + 0*u + s*u**2 - 8*u. Determine c(6).
2
Let o = 216722 + -216719. Let n(z) = 8*z**3 - 4*z**2 + 3*z + 1. Let d(g) = 7*g**3 - 4*g**2 + 3*g + 1. Let c(m) = -6*d(m) + 5*n(m). Determine c(o).
-28
Let v(s) be the first derivative of -91*s**4/4 - 2*s**3/3 + s**2/2 + s - 1274. Determine v(1).
-91
Let j(q) be the second derivative of -5 - 2/3*q**3 + 9/2*q**2 - 4*q. What is j(7)?
-19
Let x(l) be the second derivative of -22*l**3/3 - 77*l**2/2 + 4*l - 227. Calculate x(-2).
11
Let q(h) = 6*h - 27532*h**3 + 55063*h**3 + 6 - 2*h**2 - 27533*h**3. Calculate q(-3).
24
Suppose -4*o - 3 = -0*o - 11. Let u(q) = q**2 - 6*q + 2. Let a be u(6). Let g(t) 